(base 14) to base 10.
-83
What is -11221 (base 3) in base 6?
-341
Convert -3 (base 15) to base 8.
-3
1c (base 16) to base 5
103
What is 16 (base 15) in base 3?
210
15 (base 6) to base 8
13
What is 4 (base 15) in base 5?
4
3 (base 14) to base 9
3
Convert 1 (base 13) to base 10.
1
What is -51 (base 6) in base 4?
-133
Convert 5 (base 12) to base 6.
5
What is 6 (base 16) in base 2?
110
Convert 110 (base 4) to base 16.
14
-22 (base 5) to base 6
-20
10 (base 5) to base 2
101
Convert -4 (base 14) to base 11.
-4
What is -22 (base 14) in base 4?
-132
Convert 0 (base 9) to base 12.
0
Convert -1 (base 8) to base 9.
-1
Convert -8 (base 13) to base 11.
-8
What is -3 (base 14) in base 11?
-3
Convert -1 (base 6) to base 13.
-1
Convert 2 (base 12) to base 2.
10
What is 2102 (base 3) in base 16?
41
-11 (base 6) to base 16
-7
What is 102121 (base 3) in base 15?
15d
18 (base 9) to base 13
14
Convert -2 (base 5) to base 13.
-2
Convert -111001 (base 2) to base 16.
-39
-6 (base 14) to base 15
-6
Convert 13 (base 5) to base 3.
22
-1 (base 14) to base 6
-1
5 (base 6) to base 16
5
Convert -1 (base 10) to base 13.
-1
Convert 11 (base 3) to base 10.
4
What is -35 (base 14) in base 9?
-52
1001 (base 2) to base 11
9
Convert -38 (base 10) to base 4.
-212
What is -4 (base 5) in base 10?
-4
What is -5 (base 14) in base 8?
-5
What is 29 (base 13) in base 2?
100011
What is 11 (base 3) in base 15?
4
What is 15 (base 12) in base 7?
23
311 (base 10) to base 11
263
Convert 6 (base 8) to base 2.
110
Convert 5 (base 10) to base 15.
5
Convert 0 (base 15) to base 13.
0
Convert -8 (base 11) to base 15.
-8
0 (base 5) to base 9
0
What is 1 (base 12) in base 11?
1
-130 (base 5) to base 7
-55
2 (base 4) to base 13
2
What is 6 (base 14) in base 16?
6
What is -8 (base 12) in base 5?
-13
What is -20 (base 14) in base 10?
-28
10 (base 10) to base 15
a
Convert 1020 (base 3) to base 6.
53
What is -4 (base 16) in base 10?
-4
Convert 0 (base 15) to base 8.
0
442 (base 7) to base 12
16a
Convert 1201 (base 3) to base 11.
42
What is -11 (base 5) in base 14?
-6
What is -32 (base 5) in base 13?
-14
-21210 (base 3) to base 14
-110
Convert -6 (base 8) to base 7.
-6
-305 (base 6) to base 3
-11012
Convert -1 (base 12) to base 6.
-1
6 (base 15) to base 11
6
Convert 9 (base 11) to base 15.
9
Convert 0 (base 8) to base 13.
0
4 (base 10) to base 4
10
Convert 2 (base 4) to base 11.
2
What is -101 (base 4) in base 7?
-23
What is 125 (base 6) in base 7?
104
-1 (base 11) to base 9
-1
Convert 7 (base 15) to base 12.
7
Convert -21 (base 5) to base 12.
-b
7 (base 12) to base 16
7
Convert 9 (base 16) to base 6.
13
What is 27 (base 14) in base 15?
25
3 (base 6) to base 9
3
Convert -2 (base 6) to base 10.
-2
4 (base 9) to base 8
4
57 (base 9) to base 2
110100
What is 126 (base 11) in base 3?
12112
What is -1011 (base 2) in base 12?
-b
What is -a (base 13) in base 11?
-a
2e (base 15) to base 7
62
Convert 3 (base 10) to base 12.
3
Convert -200 (base 4) to base 16.
-20
What is -2 (base 6) in base 9?
-2
-a (base 15) to base 13
-a
-120 (base 3) to base 11
-14
What is 15 (base 10) in base 13?
12
What is -4a (base 11) in base 3?
-2000
What is 1 (base 4) in base 8?
1
Convert 24 (base 11) to base 9.
28
What is -1 (base 9) in base 16?
-1
What is -72 (base 13) in base 5?
-333
-4 (base 13) to base 11
-4
5 (base 9) to base 10
5
-121 (base 3) to base 8
-20
Convert -94 (base 13) to base 9.
-144
-22 (base 5) to base 9
-13
Convert -2 (base 6) to base 3.
-2
What is 1101 (base 2) in base 7?
16
-1 (base 10) to base 15
-1
What is -2 (base 14) in base 11?
-2
What is -13 (base 9) in base 15?
-c
Convert -1 (base 16) to base 15.
-1
-6 (base 15) to base 10
-6
Convert -2 (base 10) to base 15.
-2
12 (base 9) to base 6
15
Convert 140 (base 14) to base 6.
1100
What is -3b (base 12) in base 6?
-115
-1 (base 13) to base 3
-1
Convert -10010 (base 2) to base 3.
-200
Convert 6 (base 13) to base 2.
110
What is 2 (base 5) in base 8?
2
-46 (base 8) to base 11
-35
Convert -33 (base 4) to base 6.
-23
Convert -132 (base 8) to base 6.
-230
What is 100 (base 2) in base 3?
11
What is 31 (base 8) in base 4?
121
63 (base 15) to base 4
1131
Convert -61 (base 11) to base 6.
-151
Convert -4 (base 10) to base 11.
-4
23 (base 15) to base 11
30
Convert -60 (base 12) to base 9.
-80
What is 1 (base 15) in base 7?
1
-12 (base 4) to base 16
-6
2 (base 13) to base 7
2
What is -54 (base 11) in base 9?
-65
-11 (base 16) to base 7
-23
What is -13a (base 15) in base 11?
-235
Convert 86 (base 9) to base 16.
4e
Convert 15 (base 8) to base 6.
21
Convert 2 (base 10) to base 8.
2
Convert -23 (base 9) to base 3.
-210
What is -a (base 15) in base 16?
-a
Convert -1010 (base 3) to base 14.
-22
What is -9 (base 16) in base 2?
-1001
9 (base 16) to base 7
12
Convert 3 (base 16) to base 5.
3
Convert 12 (base 7) to base 15.
9
Convert -2d (base 15) to base 8.
-53
Convert -68 (base 15) to base 9.
-118
What is 3 (base 11) in base 10?
3
What is 0 (base 13) in base 10?
0
What is 4 (base 11) in base 3?
11
123 (base 4) to base 9
30
0 (base 13) to base 9
0
303 (base 11) to base 3
111120
What is 40 (base 7) in base 8?
34
What is -1a (base 16) in base 10?
-26
Convert -1 (base 9) to base 7.
-1
What is 10 (base 4) in base 6?
4
Convert -34 (base 7) to base 14.
-1b
-23 (base 13) to base 12
-25
Convert 275 (base 8) to base 14.
d7
-11 (base 2) to base 16
-3
What is -1 (base 12) in base 2?
-1
Convert 253 (base 10) to base 7.
511
Convert 121 (base 3) to base 15.
11
Convert 4 (base 12) to base 13.
4
-4 (base 16) to base 6
-4
-4 (base 11) to base 9
-4
What is -1 (base 8) in base 3?
-1
Convert -11010 (base 2) to base 9.
-28
-2 (base 15) to base 8
-2
What is -14 (base 5) in base 4?
-21
What is -22 (base 3) in base 11?
-8
What is -17 (base 15) in base 2?
-10110
Convert -12 (base 14) to base 9.
-17
What is -37 (base 16) in base 4?
-313
2 (base 8) to base 16
2
2 (base 4) to base 16
2
Convert -240 (base 5) to base 2.
-1000110
What is 73 (base 11) in base 12?
68
-77 (base 14) to base 2
-1101001
-33 (base 9) to base 10
-30
What is 1101 (base 5) in base 11?
128
What is -17 (base 10) in base 13?
-14
What is -1 (base 15) in base 14?
-1
What is 1100101 (base 2) in base 3?
10202
What is -4 (base 10) in base 14?
-4
-2 (base 8) to base 7
-2
What is 35 (base 11) in base 5?
123
What is -1 (base 8) in base 5?
-1
-232 (base 5) to base 15
-47
What is 0 (base 10) in base 12?
0
Convert 1 (base 14) to base 3.
1
Convert 3 (base 12) to base 9.
3
Convert -2 (base 8) to base 14.
-2
0 (base 12) to base 9
0
Convert 63 (base 14) to base 13.
69
-41 (base 11) to base 13
-36
7 (base 14) to base 5
12
Convert 1 (base 4) to base 11.
1
3 (base 11) to base 6
3
Convert 130 (base 4) to base 10.
28
What is -1000111 (base 2) in base 6?
-155
Convert -6 (base 9) to base 14.
-6
-3 (base 4) to base 9
-3
Convert 85 (base 13) to base 9.
131
What is -5 (base 16) in base 7?
-5
8 (base 15) to base 10
8
Convert 33 (base 4) to base 13.
12
What is -b9 (base 15) in base 14?
-c6
What is -100 (base 2) in base 16?
-4
What is 70 (base 12) in base 2?
1010100
1023 (base 4) to base 14
55
-105 (base 14) to base 12
-149
122 (base 3) to base 15
12
Convert 151 (base 6) to base 15.
47
1 (base 16) to base 6
1
24 (base 6) to base 16
10
What is 3120 (base 4) in base 2?
11011000
b (base 13) to base 12
b
What is 4 (base 14) in base 2?
100
Convert -4 (base 9) to base 12.
-4
What is 101101 (base 2) in base 11?
41
What is 0 (base 9) in base 11?
0
4 (base 9) to base 7
4
Convert 67 (base 10) to base 6.
151
Convert 7 (base 14) to base 8.
7
Convert e5 (base 16) to base 3.
22111
-5 (base 16) to base 12
-5
What is -310 (base 7) in base 4?
-2122
Convert -6 (base 9) to base 15.
-6
2 (base 5) to base 14
2
What is -1011111 (base 2) in base 7?
-164
24 (base 12) to base 8
34
-3 (base 16) to base 10
-3
Convert 16 (base 11) to base 5.
32
Convert 6 (base 11) to base 8.
6
What is -3 (base 16) in base 6?
-3
What is 2 (base 12) in base 8?
2
Convert 15 (base 7) to base 3.
110
What is 112 (base 6) in base 3?
1122
-5e (base 16) to base 12
-7a
37 (base 13) to base 15
31
What is -5 (base 7) in base 12?
-5
Convert 2 (base 13) to base 10.
2
Convert 10111 (base 2) to base 9.
25
Convert -27 (base 8) to base 3.
-212
-1 (base 2) to base 8
-1
What is 3 (base 4) in base 14?
3
-3 (base 12) to base 6
-3
2 (base 12